divisor of z and 525?
21
Let h(z) = 3*z - 9. Let q be h(5). Let b be (-2)/6*((-1)/1 - -214). Let y = b + 125. What is the highest common divisor of y and q?
6
Suppose 82 = -14*f + 334. Let v be 174/(-4)*f/(-3). What is the greatest common divisor of 29 and v?
29
Suppose -3*d - 61*j + 7328 = -62*j, 12212 = 5*d - j. What is the highest common factor of 132 and d?
66
Let y be 332/42 + 10/105. Let t(h) = -h**3 + 8*h**2 + h + 5. Let b be t(y). What is the highest common divisor of b and 351?
13
Let n(l) = l**2 + 7*l + 4. Let f be n(11). Suppose 490 - f = 3*r. What is the greatest common divisor of 128 and r?
32
Let r = 1095 + -603. Suppose 325*g - 424*g + 2376 = 0. Calculate the greatest common divisor of r and g.
12
Let p(k) = 3*k**2 + 10*k + 48. Let d be p(-6). Calculate the greatest common factor of 480 and d.
96
Let f = 7388 - 7362. Let a = 557 - 271. Calculate the greatest common divisor of a and f.
26
Let o be (5 + -1)*(-3)/(-4). Suppose 2*z - y - 410 = -0*z, 0 = o*z + y - 605. Calculate the greatest common divisor of 116 and z.
29
Suppose -97*c + 1428 = -83*c. Suppose -9*q + 6*q = -c. What is the highest common factor of 2 and q?
2
Suppose 2 = l + 2*z, 0*l - l - 3 = -3*z. Suppose -3*p + l*p + 96 = 0. Let u(t) = t**2 - 13*t + 12. Let o be u(17). What is the highest common factor of p and o?
16
Let s(i) = 168*i + 1032. Let w be s(9). Calculate the greatest common factor of w and 32.
16
Suppose 4*x + 2*x - 12 = 0. Let h(j) = j - 3*j + x*j + 33 + 3*j. Let g be h(-10). Calculate the highest common divisor of 3 and g.
3
Suppose 2*b - 21*n - 55 = 57, 0 = b - 2*n - 56. Calculate the greatest common divisor of b and 31584.
56
Suppose -5*k = -10*k + 5*u + 70, -90 = -5*k + u. Let d(b) = b**2 + 9*b - 1. Let j be d(k). What is the highest common divisor of j and 9?
9
Let c = -11472 + 11696. What is the highest common divisor of c and 3456?
32
Suppose 3*a - 2*t + 68 = 4*a, a - 56 = -5*t. Let n = a - 79. Let x be 446 + n - (-24)/(-8). Calculate the greatest common divisor of x and 40.
40
Suppose -5*u = 5*o - 400, 3*o = -2*u + 6*u - 299. Let q be 33*(-5 + (-22)/(-3)). What is the greatest common divisor of u and q?
77
Suppose 5*a + 39 = -2*h, -14 - 13 = 3*h - 3*a. Let f = -1085 + 1104. Let q = h + f. Calculate the highest common divisor of q and 35.
7
Suppose -38*j + 37*j + 281 = y, 0 = -2*j + 12. Let p = 11 + 14. Calculate the highest common divisor of p and y.
25
Let v = -691 + 453. Let q be (-20)/(-60) - v/6. What is the highest common divisor of 180 and q?
20
Let v = 20 - 30. Let l be (44/55)/(4/v). Let o be 3/(l + 10/4). What is the highest common divisor of 33 and o?
3
Suppose -2*c - 2*c + 28 = w, -3*c = -2*w + 67. What is the highest common divisor of w and 360?
8
Let s be 109 - ((-3)/((-5)/(280/24)) - 3). Calculate the highest common factor of s and 20055.
105
Suppose 5*o - 14 = -2*i + 8, 3*i - 28 = -5*o. What is the greatest common factor of 7434 and i?
6
Let r(z) = z**2 + 9*z - 70. Let v be r(5). Suppose -2*l + 2*c + 264 = 0, v = l + 2*l - 4*c - 392. Let f = 16 - -1. What is the highest common factor of l and f?
17
Suppose 6*s - 808 = -2380. Let g = -118 - s. What is the highest common divisor of g and 192?
48
Suppose -53*d = p - 57*d - 408, 4*d - 16 = 0. Calculate the greatest common divisor of p and 32.
8
Let y be 74/(-185) + 15128/20. Calculate the greatest common divisor of y and 2772.
252
Suppose -264*m + 310*m = -420*m + 3262. What is the highest common divisor of m and 5712?
7
Let c(j) = 17*j + 701. Let a be c(-41). Calculate the highest common factor of 92 and a.
4
Let x(u) = u**3 + 48*u**2 - 85*u + 762. Let r be x(-50). Let b be (0 + 63)*(-32)/(-6). Calculate the highest common divisor of b and r.
12
Suppose 3*d - 80 = -c - c, -4*c + 192 = -2*d. Let i be (-6 - 711/(-27))*15 - 6. What is the highest common divisor of i and c?
23
Let u be (2 - 12)/(2/(-43)). Let q(b) = -15 + 1 + 30*b + 6 + 4. Let r be q(3). What is the highest common divisor of r and u?
43
Suppose 37 = g - 24. Let c = g + -61. Suppose -3*d = f - 2*f - 50, 4*d + 2*f - 70 = c. Calculate the greatest common divisor of 34 and d.
17
Let d = 109 - -52. Suppose -5*n = 5*y - 649 - d, -4*y - 5*n = -648. Suppose 0 = v - 4, v + 27 + 5 = 2*l. Calculate the highest common factor of y and l.
18
Suppose -22*d + 1738 + 15055 = -7759. Calculate the highest common factor of d and 9.
9
Let q(y) = -29*y + 7. Let l be q(-5). Let v = -206 - -445. Let t = v - 220. What is the greatest common divisor of l and t?
19
Let x(o) = -2*o**3 - 51*o**2 + 17*o - 18. Let p be (-16)/48 + (-160)/6. Let q be x(p). What is the greatest common factor of q and 19?
19
Let w = 44 + 10. Let y be (6 - 2) + (-14761)/(-290)*20/2. Calculate the greatest common factor of y and w.
27
Suppose 35 = 5*p + r, 4*r = 6*r + 10. Let j(y) = y**2 - 4*y - 18. Let a be j(-3). Let c be p/(3 - (0 + -1) - a). What is the highest common divisor of 72 and c?
8
Let u(f) = 12 - 4*f - 4*f - 28 - f**2 - 4*f. Let y be u(-10). What is the highest common divisor of y and 148?
4
Let i(l) = -l**3 - 13*l**2 - 10*l - 9. Let q be i(-10). Let s = -201 - q. What is the highest common divisor of 8 and s?
8
Let i = -484 + 1091. Let p = 619 - i. What is the highest common factor of 246 and p?
6
Let h(j) = 3*j**2 - 43. Let x be h(4). Suppose -4*o + x*u + 372 = 0, -30 = -3*o - 2*u + 226. What is the greatest common divisor of o and 66?
22
Let r be 7 + 1096*(-4)/(-8). Let q = r - 387. Calculate the greatest common factor of 144 and q.
24
Let y be 2/((-5300)/375 + 14 - 68/(-285)). Calculate the greatest common divisor of 16321 and y.
19
Let f(y) = 2*y**2 - 8*y - 308. Let b be f(-11). What is the greatest common factor of 7040 and b?
22
Let u(z) = -9*z - 237. Let o = -853 + 815. Let a be u(o). Calculate the highest common divisor of 147 and a.
21
Let p be (0 - 42/(-8))/(192/8960). Suppose -6*c = 77 - p. What is the greatest common factor of 14 and c?
14
Let g = -10898 - -10943. What is the greatest common factor of 11835 and g?
45
Let q(g) = 6*g**3 - 98*g**2 + 27*g + 114. Let r be q(16). Suppose 0*j + 5*d - 1317 = -2*j, -3*j = -d - 1933. What is the greatest common factor of r and j?
34
Let t be (4 - -2)*(-1)/2 + 18. Let q be (1/10*1198)/(3/t). Suppose 7*g - 31 = q. Calculate the greatest common factor of 18 and g.
18
Let r = 12 + -2. Let a = 816 - 813. Let v be 21 + (1 + (-1 - a) - 3). Calculate the highest common divisor of r and v.
5
Suppose 578969 = 170*j + 67609. What is the highest common divisor of j and 1692?
188
Let b be -4*(-4)/(-1 + 9). Let t be (b + 308/6)*(-45)/(-30). Let k = -65 + t. What is the highest common factor of 5 and k?
5
Let d(s) = 26*s**2 + 110*s - 1527. Let m be d(12). What is the greatest common factor of m and 655?
131
Let z(m) = -730*m - 8716. Let a be z(-12). What is the highest common divisor of a and 1694?
22
Suppose -22*x = 486 - 4248. What is the greatest common factor of x and 627?
57
Let w(j) = -5*j**2 - 52*j - 83. Let t be w(-5). What is the highest common divisor of 5174 and t?
26
Let o(r) = 6*r + 283. Let p be o(-7). Suppose 329 = 4*h + p. Suppose 0*n = 3*n - 231. Calculate the highest common factor of n and h.
11
Let x(f) = 6*f**2 - 66*f + 31. Let g be x(15). Calculate the greatest common divisor of g and 833.
17
Let k = -5699 - -5849. Calculate the highest common factor of k and 2200.
50
Suppose -4*l - 565 - 271 = -4*n, -4*n + 824 = -l. What is the highest common divisor of n and 46945?
205
Let r = -5953 - -13501. Calculate the greatest common factor of 51 and r.
51
Suppose -7359 = -2*r - 577 + 6340. What is the highest common divisor of 9 and r?
9
Suppose -20*o + 7056 = -4*o. Suppose 0 = 42*p - 33*p - o. Let h(r) = -r**3 + 6*r**2 + r + 1. Let z be h(6). Calculate the greatest common divisor of p and z.
7
Let q = 181 - 174. Suppose -q*a = -67 - 59. Let m(n) = n**3 + 11*n**2 + 8*n - 8. Let r be m(-10). Calculate the greatest common factor of a and r.
6
Suppose -3*g - 2 = -29. Suppose -2*t + 2*z + 6 = 0, t - 3 = g*z - 4*z. Suppose -p - 5 = -4*x, x + x + t = p. Calculate the highest common factor of p and 33.
11
Suppose 11*v - 332 = 516 - 232. What is the highest common divisor of v and 707?
7
Suppose 673*t - 567*t = 122854. What is the highest common factor of t and 2806?
61
Let p be ((-441)/294)/(2/(-848)). Calculate